nd 135?
15
What is the highest common divisor of 379026 and 216?
54
Calculate the highest common divisor of 3984 and 4800.
48
Calculate the greatest common divisor of 42 and 73500.
42
Calculate the highest common divisor of 281 and 5612413.
281
What is the greatest common factor of 95 and 111245?
95
Calculate the highest common factor of 2176 and 10608.
272
What is the highest common factor of 253 and 317147?
23
What is the greatest common divisor of 7751 and 184?
23
What is the greatest common divisor of 166882 and 5071?
461
Calculate the highest common divisor of 64979 and 5744.
359
Calculate the greatest common factor of 53238 and 101806.
934
What is the greatest common divisor of 39 and 238407?
39
Calculate the greatest common divisor of 8 and 11172.
4
What is the greatest common factor of 35681 and 31?
31
What is the greatest common divisor of 19415 and 88?
11
What is the greatest common divisor of 146 and 500926?
146
What is the greatest common factor of 539 and 532994?
77
Calculate the highest common factor of 1732 and 44599.
433
What is the highest common factor of 418 and 39127?
11
Calculate the greatest common factor of 142677 and 382.
191
What is the highest common factor of 30039 and 12555?
93
Calculate the greatest common factor of 19981 and 8671.
377
What is the greatest common divisor of 90 and 292770?
90
What is the highest common divisor of 754 and 41441?
29
What is the greatest common divisor of 1616 and 1648?
16
Calculate the highest common divisor of 102 and 201484.
34
Calculate the greatest common divisor of 2704 and 130.
26
Calculate the greatest common divisor of 10426 and 1389866.
802
Calculate the highest common divisor of 2834 and 806.
26
What is the highest common divisor of 76 and 83486?
38
Calculate the highest common divisor of 130995 and 287.
41
What is the highest common divisor of 1292 and 2244?
68
Calculate the highest common divisor of 258 and 92751.
129
Calculate the greatest common factor of 1002970 and 10.
10
What is the highest common divisor of 28816 and 48?
16
What is the greatest common factor of 7804 and 29?
1
Calculate the highest common divisor of 2431921 and 24957.
2773
Calculate the highest common factor of 175824 and 58806.
594
Calculate the highest common divisor of 6141 and 299.
23
Calculate the highest common divisor of 664884 and 138.
138
Calculate the greatest common divisor of 99 and 8657.
11
Calculate the highest common factor of 1919 and 106476.
19
Calculate the highest common factor of 1389410 and 110.
110
What is the highest common divisor of 57312 and 47163?
597
Calculate the greatest common factor of 4959 and 189867.
57
Calculate the greatest common factor of 113990 and 1010.
10
What is the greatest common divisor of 1127 and 163121?
49
What is the greatest common divisor of 267 and 570579?
267
Calculate the greatest common divisor of 109755 and 13279.
271
Calculate the greatest common factor of 1168 and 25128.
8
Calculate the highest common divisor of 32 and 8892.
4
What is the highest common divisor of 54 and 201186?
18
What is the highest common divisor of 51 and 79441?
17
What is the highest common divisor of 304 and 21470?
38
What is the greatest common factor of 115669 and 309?
103
Calculate the greatest common factor of 42081 and 35997.
507
Calculate the greatest common factor of 115 and 340400.
115
Calculate the greatest common divisor of 2202522 and 28.
14
Calculate the greatest common divisor of 987 and 1057.
7
Calculate the greatest common divisor of 1227 and 65440.
409
What is the highest common factor of 3960 and 1160?
40
What is the highest common factor of 504 and 43092?
252
What is the highest common factor of 81 and 76275?
27
What is the highest common factor of 14 and 2168642?
14
What is the highest common divisor of 2528 and 1449808?
1264
What is the highest common divisor of 909 and 243?
9
Calculate the highest common divisor of 26825 and 110925.
725
Calculate the greatest common divisor of 28221 and 69.
69
What is the highest common divisor of 49579 and 43?
43
Calculate the highest common divisor of 3192 and 212952.
456
Calculate the greatest common factor of 77928 and 96.
24
What is the greatest common factor of 3844 and 227602?
62
Calculate the highest common factor of 1326 and 610.
2
What is the greatest common divisor of 7081 and 1168?
73
What is the greatest common divisor of 22896 and 7314?
318
What is the highest common divisor of 477 and 17331?
159
Calculate the highest common divisor of 35252 and 168.
28
What is the greatest common factor of 80 and 713136?
16
Calculate the greatest common factor of 129024 and 504.
504
What is the highest common divisor of 637020 and 6?
6
Calculate the highest common divisor of 8799138 and 54.
54
What is the greatest common factor of 898536 and 48?
24
What is the greatest common factor of 2390976 and 72?
72
Calculate the highest common factor of 46763 and 404.
101
Calculate the greatest common factor of 2261 and 7.
7
What is the greatest common divisor of 720822 and 228?
114
What is the greatest common factor of 3 and 683886?
3
What is the highest common divisor of 3133 and 28639?
13
Calculate the greatest common divisor of 19 and 56297.
19
What is the greatest common factor of 186035 and 580?
145
Calculate the greatest common divisor of 564915 and 780.
195
What is the greatest common factor of 204 and 71604?
204
Calculate the greatest common divisor of 2601 and 11679.
51
What is the greatest common divisor of 612 and 366792?
204
What is the highest common divisor of 113486 and 1074?
358
What is the greatest common factor of 100 and 9940?
20
Calculate the greatest common factor of 2414 and 22746.
34
Calculate the highest common divisor of 56 and 15148.
28
What is the highest common divisor of 63 and 22953?
21
Calculate the greatest common divisor of 13 and 227617.
13
What is the highest common factor of 128826 and 1734?
102
Calculate the greatest common divisor of 1700 and 64345.
85
Calculate the greatest common divisor of 1301044 and 106.
106
Calculate the highest common factor of 1701683 and 62.
31
What is the greatest common divisor of 6210 and 178986?
138
Calculate the highest common divisor of 151808 and 110298.
1186
Calculate the highest common divisor of 2249 and 4537.
13
What is the greatest common divisor of 1271 and 2009?
41
Calculate the greatest common divisor of 40592 and 4171.
43
What is the greatest common factor of 31984 and 16?
16
What is the highest common factor of 30 and 29190?
30
Calculate the highest common divisor of 8421 and 148370.
401
What is the highest common divisor of 384 and 2209664?
128
What is the highest common divisor of 400 and 24575?
25
Calculate the greatest common divisor of 232 and 14732.
116
Calculate the greatest common factor of 48 and 442374.
6
What is the highest common divisor of 674520 and 3360?
840
What is the highest common factor of 159 and 21261003?
159
Calculate the highest common factor of 31 and 212195.
31
What is the highest common divisor of 17518 and 76?
38
What is the highest common divisor of 198 and 693?
99
What is the greatest common factor of 19796 and 33124?
196
Calculate the greatest common factor of 15 and 9915.
15
What is the highest common divisor of 144 and 229256?
8
Calculate the greatest common factor of 26 and 545610.
26
What is the highest common factor of 130 and 1170975?
65
Calculate the greatest common divisor of 986 and 198418.
58
Calculate the highest common factor of 2497 and 253.
11
What is the greatest common factor of 195 and 2162745?
195
Calculate the greatest common factor of 32 and 9363824.
16
What is the greatest common divisor of 139862 and 2?
2
Calculate the greatest common divisor of 292 and 783436.
292
What is the greatest common divisor of 183990 and 240?
30
Calculate the highest common factor of 901 and 3196.
17
Calculate the highest common factor of 492 and 14883.
123
Calculate the greatest common divisor of 128110 and 1610.
230
What is the greatest common factor of 5375 and 65?
5
Calculate the greatest common factor of 72884 and 126.
14
Calculate the greatest common factor of 44 and 31669.
11
Calculate the highest common factor of 29256 and 3180.
636
Calculate the highest common divisor of 9966 and 6006.
66
Calculate the great